 common divisor of d and j?
14
Let a = -5044 + 5180. Calculate the greatest common factor of 170 and a.
34
Let m = -7383 - -7298. Suppose 5*a + 2*t = 458, -5*a + 160 = -2*t - 302. Let o = m + a. What is the highest common factor of o and 7?
7
Let c be (-4)/30 + (9754/30 - (-12)/6). What is the greatest common divisor of 1417 and c?
109
Suppose -9*t = 3*d - 1197, -783 = -72*d + 70*d - 3*t. What is the greatest common divisor of 320 and d?
64
Let s be 3 - (8 + 0/(-3)). Let v(d) be the second derivative of 7*d**3/6 + 45*d**2/2 - 369*d. Let k be v(s). Calculate the highest common factor of k and 20.
10
Let s(j) = j + 9. Let t(g) = 2*g**2 + 17*g + 4. Let x be t(-8). Let o be s(x). Suppose o*c + 2*c - 42 = 0. What is the highest common divisor of 42 and c?
6
Let p = 22 + -19. Suppose -p*a + 4*t = t - 21, -2*t + 10 = 4*a. Suppose a*l - 35 = -3*g, l = -2*l - 3*g + 27. Calculate the greatest common factor of 8 and l.
8
Suppose 11*j - 390 = 754. What is the highest common factor of j and 8424?
104
Suppose 3*f - 2*x = 19946, -2*f = 269*x - 272*x - 13294. Calculate the greatest common divisor of 57 and f.
19
Suppose -r - 2*r + 19*r - 320 = 0. Calculate the highest common divisor of 44260 and r.
20
Suppose t = -0*t. Suppose t*i + 132 = 2*i. Let u(o) = -o**2 + 334*o - 1962. Let l be u(6). What is the greatest common factor of i and l?
6
Let p(v) = -42*v - 1152. Let t be p(-58). What is the highest common divisor of t and 192?
12
Suppose -10*j - 3053 = -7893. Suppose -2*a = -x - 242, 4*a - 18*x = -19*x + j. Calculate the highest common factor of a and 11.
11
Let s = -29 - -50. Let x(w) = 3*w + 67. Let z be x(-18). Suppose 0 = -z*u + 91 + 182. What is the greatest common factor of u and s?
21
Let s(o) = 1462*o + 10420. Let q be s(-7). What is the greatest common factor of 5487 and q?
93
Suppose 5*n - 13 = 97. Suppose -5*m - 5*d = -1445, -19*d - 3 = -20*d. Calculate the greatest common divisor of n and m.
22
Let p(u) = u**3 + 6*u**2 + 35*u + 214. Let r be p(-5). Let l be 866/3 + 10/(-15). Calculate the highest common factor of r and l.
32
Let f = 502 - 386. What is the greatest common factor of f and 435?
29
Let v be 0 + (-3)/(9/5349). Let g = -1194 - v. What is the highest common divisor of 31 and g?
31
Suppose s + 53*k = 51*k + 106, -k - 497 = -5*s. Suppose -12*h + 10*h + s = 0. Calculate the greatest common factor of h and 100.
50
Let w = 1116 + -1102. Let z(f) = -f + 21. Let i be 5/((-10)/(-4)) - 2. Let l be z(i). Calculate the highest common divisor of w and l.
7
Suppose -329*h + 322*h + 6216 = 0. Calculate the highest common divisor of h and 12.
12
Suppose -3141*t = -3225*t + 692496. What is the greatest common factor of 144 and t?
36
Suppose -36*r + 47*r = 2838. Calculate the greatest common divisor of 903 and r.
129
Let b be 3 + -87*2/(-6). Let w = 105 + -125. Let f = b + w. Calculate the greatest common divisor of f and 12.
12
Suppose 99*h - 1731568 - 7333607 = -458*h. Calculate the highest common factor of h and 63.
21
Let v(k) = k**3 + 8*k**2 - 9*k + 2. Let w be v(-8). Suppose -y + 25 - 17 = g, 3*y - 2*g = -6. What is the highest common divisor of y and w?
2
Let q be (-6)/24 - 315/(-28). Suppose -3*r = -q*r + 624. Calculate the highest common divisor of r and 6.
6
Let l = -365 - -365. Suppose l = 30*h - 3094 - 3176. What is the greatest common factor of 19 and h?
19
Suppose 0 = -3*a + 44 + 85. Let l = a + -43. Let d be ((-15)/(-1) + 3)*(l - -1). Calculate the greatest common divisor of 18 and d.
18
Let r = -15 - 26. Let o = r + 77. What is the greatest common factor of 12 and o?
12
Let s = -705 - -5416. What is the highest common factor of s and 7?
7
Let m be 23/(345/6990) - -9. Calculate the greatest common divisor of 300 and m.
25
Let w be -1 - (-2)/4 - ((-402339)/(-98))/(-119). Let u = -309 - -683. What is the greatest common factor of u and w?
34
Let t be (4/14)/((-24)/(-4368)*26). What is the highest common divisor of 179 and t?
1
Let h = 2250 - -532. What is the highest common divisor of 13 and h?
13
Let u be 9 - (-2 + 0)/(-1). Suppose 35*l - 85 = 160. What is the greatest common factor of u and l?
7
Let o be (-48)/32 + 482/4. Calculate the highest common divisor of 323 and o.
17
Let i = -51 + 71. Let k be -1 - ((-4)/i + (-68)/10). Suppose -k*y = -y - 75. Calculate the greatest common factor of y and 180.
15
Suppose -24*k + 188 = -107 - 137. What is the highest common divisor of 162 and k?
18
Let q be (-213 + 11)*15/(-6). Let f = q + -489. What is the highest common factor of 368 and f?
16
Let a be (-9)/((-54)/92) - 6/(-9). Let p = 77 + -132. Let f be ((p/2)/11)/(5/(-4)). Calculate the greatest common factor of a and f.
2
Let w = 271 - -398. Suppose 2*p = a + 333, 0*a = 4*p - a - w. Let z be ((-2)/(-4))/(7/p). What is the highest common divisor of 60 and z?
12
Let x be -1 - (-9)/6*4. Suppose x*p + 117 = 2*k, -2*k - 2*k - 5*p = -279. Suppose 1555 - 1471 = 14*l. What is the greatest common factor of k and l?
6
Let t be -2 + 2*(-4 + 1). Let z be (-1 - (-18)/t)/(9/(-1044)). Calculate the highest common factor of 13 and z.
13
Let j be (-7)/(-4) + (-25016)/32. Let o = -773 - j. Calculate the greatest common factor of 175 and o.
7
Let l(s) = 4573*s**2 - 157*s - 155. Let v be l(-1). Calculate the greatest common factor of 75 and v.
75
Suppose -2*k + 3*c + 20858 = 0, -5*k - 70*c = -67*c - 52124. What is the highest common divisor of 26 and k?
26
Let h(j) = -9*j**3 + 3*j**2 + 3*j - 1. Let z be h(-2). Let y be 22/33*z*3. What is the highest common factor of 77 and y?
77
Let a(r) = 330*r + 11056. Let s be a(24). Calculate the greatest common factor of 96 and s.
32
Suppose 82850*f - 82852*f + 16 = 0. Let b(g) = g**3 - 9*g**2 + 17*g - 4. Let y be b(12). Calculate the greatest common divisor of y and f.
8
Suppose 2*p + 2*z - 808 + 222 = 0, 10*p = 3*z + 3008. Calculate the greatest common divisor of 247 and p.
13
Let m be 42405/22*(-92)/(-69). Calculate the greatest common factor of m and 70.
10
Let s be (3032/4)/(2 - (31/(-6) - -7)). What is the greatest common divisor of 36 and s?
12
Let f = -196 - -227. Suppose -2*v + 586 - 32 = 4*p, 5*v - p - 1396 = 0. What is the highest common divisor of f and v?
31
Suppose 7538 + 488 = 3*w - 5*u, -3*w + 8008 = 4*u. Let j be 58/(-261) + (w/(-18))/(-2). Let s = 78 - j. What is the greatest common factor of s and 52?
4
Let d(v) = v**2 - 11*v - 42. Let l be d(18). Let q = l - -15. Suppose -2*k + 14 = 4*w, -k + w + 4 = -6. What is the highest common divisor of q and k?
9
Suppose -4*z + 2242 = -2*i, 4*i - 1116 = -42*z + 40*z. What is the greatest common factor of z and 1?
1
Suppose 405 = -j + 400. Let z be (92/(-8) - j)/((-2)/4). What is the greatest common divisor of z and 13?
13
Let x be 1016/(-6)*(-30)/(23 + -13). Calculate the greatest common factor of 4 and x.
4
Let r = -417 - -606. Let g = 0 + r. What is the highest common divisor of 7 and g?
7
Let z(y) = -y**2 - 2*y. Let l be z(-2). Let k be l/(-2 + -1 + 0) - 4. Let d(i) = -7*i - 7. Let p be d(k). Calculate the highest common factor of p and 105.
21
Let f = 179 + -107. Let u(g) = g**3 - 6*g**2 + 26*g - 89. Let n be u(5). Calculate the highest common factor of n and f.
8
Suppose -20*t + 582 = -678. Suppose 3*w - 6 = 246. Calculate the greatest common factor of w and t.
21
Let l(j) = 3*j + 84*j**3 - 261 - j + 258. Let x be l(1). Suppose 21*y = x + 169. Calculate the greatest common divisor of 60 and y.
12
Let q = 1564 + -1006. Let d = 705 - 687. What is the highest common divisor of d and q?
18
Suppose 5*g - 3*g = 910. Suppose -3*n + 192 = -3*t, -16*n + t - 196 = -19*n. What is the greatest common factor of n and g?
65
Suppose -202*r + 198 = -193*r. Calculate the greatest common divisor of r and 297.
11
Let s = -203 - 7. Let k = 257 + s. Calculate the highest common divisor of k and 329.
47
Suppose -f = -2*i - 79, 228 = -6*f + 9*f + 3*i. Suppose -163 - 35 = -2*y. What is the greatest common factor of f and y?
11
Let q(x) = 12*x**3 - 10*x**2 + 19*x - 44. Let a be q(4). Calculate the highest common divisor of a and 2480.
80
Let n be 9/(-2)*(-2)/3. Let c be (147/(-14))/((-31)/62). Let v = c + n. What is the highest common divisor of v and 1?
1
Let d be (0 + -2)*(-294)/4. Suppose -6 = -2*m - 5*t, 34*m = 37*m - 3*t - 114. Calculate the greatest common factor of m and d.